prime factors of 26214?
2, 3, 17, 257
List the prime factors of 3064.
2, 383
List the prime factors of 5023.
5023
List the prime factors of 3787.
7, 541
What are the prime factors of 598?
2, 13, 23
List the prime factors of 60782.
2, 30391
What are the prime factors of 915?
3, 5, 61
List the prime factors of 12908.
2, 7, 461
What are the prime factors of 2638?
2, 1319
List the prime factors of 2190.
2, 3, 5, 73
What are the prime factors of 556?
2, 139
What are the prime factors of 285?
3, 5, 19
List the prime factors of 9317.
7, 11
What are the prime factors of 112?
2, 7
List the prime factors of 4812.
2, 3, 401
List the prime factors of 15069.
3, 5023
List the prime factors of 294.
2, 3, 7
What are the prime factors of 17539?
17539
List the prime factors of 600.
2, 3, 5
What are the prime factors of 44211?
3, 14737
What are the prime factors of 10727?
17, 631
List the prime factors of 38448.
2, 3, 89
What are the prime factors of 37038?
2, 3, 6173
What are the prime factors of 11843?
13, 911
What are the prime factors of 10125?
3, 5
List the prime factors of 875.
5, 7
What are the prime factors of 184?
2, 23
What are the prime factors of 1829?
31, 59
List the prime factors of 15812.
2, 59, 67
List the prime factors of 52039.
13, 4003
List the prime factors of 1754.
2, 877
What are the prime factors of 105990?
2, 3, 5, 3533
List the prime factors of 9204.
2, 3, 13, 59
List the prime factors of 32897.
67, 491
List the prime factors of 551.
19, 29
What are the prime factors of 41676?
2, 3, 23, 151
List the prime factors of 17072.
2, 11, 97
List the prime factors of 982.
2, 491
List the prime factors of 10256.
2, 641
What are the prime factors of 7766?
2, 11, 353
What are the prime factors of 83483?
31, 2693
List the prime factors of 6756.
2, 3, 563
What are the prime factors of 1819?
17, 107
What are the prime factors of 2916?
2, 3
What are the prime factors of 197?
197
List the prime factors of 14205.
3, 5, 947
List the prime factors of 22223.
71, 313
What are the prime factors of 40344?
2, 3, 41
List the prime factors of 6320.
2, 5, 79
List the prime factors of 429.
3, 11, 13
List the prime factors of 1673.
7, 239
List the prime factors of 1255.
5, 251
What are the prime factors of 1140?
2, 3, 5, 19
What are the prime factors of 404?
2, 101
List the prime factors of 26975.
5, 13, 83
What are the prime factors of 7768?
2, 971
List the prime factors of 16070.
2, 5, 1607
List the prime factors of 42036.
2, 3, 31, 113
List the prime factors of 4165.
5, 7, 17
List the prime factors of 2342.
2, 1171
List the prime factors of 14008.
2, 17, 103
What are the prime factors of 603?
3, 67
List the prime factors of 1221.
3, 11, 37
List the prime factors of 39407.
157, 251
What are the prime factors of 105003?
3, 3889
List the prime factors of 10535.
5, 7, 43
List the prime factors of 16301.
16301
What are the prime factors of 2771?
17, 163
What are the prime factors of 5495?
5, 7, 157
List the prime factors of 8159.
41, 199
List the prime factors of 254.
2, 127
List the prime factors of 4285.
5, 857
List the prime factors of 37.
37
List the prime factors of 99545.
5, 43, 463
What are the prime factors of 1077?
3, 359
List the prime factors of 863.
863
List the prime factors of 42779.
11, 3889
List the prime factors of 15691.
13, 17, 71
What are the prime factors of 17761?
17761
What are the prime factors of 32439?
3, 11, 983
List the prime factors of 324.
2, 3
What are the prime factors of 9189?
3, 1021
List the prime factors of 2821.
7, 13, 31
List the prime factors of 51952.
2, 17, 191
What are the prime factors of 37614?
2, 3, 6269
What are the prime factors of 82416?
2, 3, 17, 101
What are the prime factors of 465?
3, 5, 31
List the prime factors of 558.
2, 3, 31
What are the prime factors of 1230?
2, 3, 5, 41
List the prime factors of 42008.
2, 59, 89
List the prime factors of 191500.
2, 5, 383
What are the prime factors of 3000?
2, 3, 5
What are the prime factors of 775?
5, 31
List the prime factors of 5215.
5, 7, 149
What are the prime factors of 116?
2, 29
List the prime factors of 2154.
2, 3, 359
List the prime factors of 76803.
3, 25601
What are the prime factors of 22593?
3, 17, 443
List the prime factors of 99358.
2, 7, 47, 151
List the prime factors of 1025.
5, 41
List the prime factors of 331.
331
List the prime factors of 41562.
2, 3, 2309
List the prime factors of 40102.
2, 20051
List the prime factors of 17565.
3, 5, 1171
What are the prime factors of 29360?
2, 5, 367
List the prime factors of 19944.
2, 3, 277
List the prime factors of 9.
3
List the prime factors of 10777.
13, 829
List the prime factors of 79418.
2, 39709
What are the prime factors of 3446?
2, 1723
What are the prime factors of 1435?
5, 7, 41
What are the prime factors of 12700?
2, 5, 127
What are the prime factors of 13924?
2, 59
List the prime factors of 40733.
7, 11, 23
What are the prime factors of 3979?
23, 173
What are the prime factors of 23313?
3, 19, 409
List the prime factors of 6118.
2, 7, 19, 23
List the prime factors of 28540.
2, 5, 1427
What are the prime factors of 33231?
3, 11, 19, 53
What are the prime factors of 6637?
6637
List the prime factors of 10613.
10613
List the prime factors of 866.
2, 433
List the prime factors of 1254.
2, 3, 11, 19
What are the prime factors of 17027?
17027
List the prime factors of 1400.
2, 5, 7
List the prime factors of 149.
149
What are the prime factors of 2944?
2, 23
What are the prime factors of 1333?
31, 43
List the prime factors of 88190.
2, 5, 8819
What are the prime factors of 47112?
2, 3, 13, 151
What are the prime factors of 55666?
2, 13, 2141
What are the prime factors of 2063?
2063
What are the prime factors of 93252?
2, 3, 19, 409
List the prime factors of 7121.
7121
List the prime factors of 7202.
2, 13, 277
What are the prime factors of 3146?
2, 11, 13
What are the prime factors of 781?
11, 71
What are the prime factors of 340?
2, 5, 17
What are the prime factors of 5848?
2, 17, 43
What are the prime factors of 3696?
2, 3, 7, 11
What are the prime factors of 37995?
3, 5, 17, 149
List the prime factors of 62555.
5, 12511
What are the prime factors of 138685?
5, 27737
What are the prime factors of 3787?
7, 541
List the prime factors of 17966.
2, 13, 691
List the prime factors of 3407.
3407
What are the prime factors of 2490?
2, 3, 5, 83
List the prime factors of 27542.
2, 47, 293
What are the prime factors of 2486?
2, 11, 113
What are the prime factors of 2183?
37, 59
List the prime factors of 135280.
2, 5, 19, 89
List the prime factors of 7673.
7673
List the prime factors of 8633.
89, 97
What are the prime factors of 159121?
41, 3881
What are the prime factors of 6272?
2, 7
What are the prime factors of 7303?
67, 109
What are the prime factors of 1069?
1069
List the prime factors of 610.
2, 5, 61
What are the prime factors of 1539?
3, 19
What are the prime factors of 2498?
2, 1249
List the prime factors of 2092.
2, 523
List the prime factors of 63825.
3, 5, 23, 37
What are the prime factors of 2028?
2, 3, 13
List the prime factors of 14889.
3, 7, 709
What are the prime factors of 1104?
2, 3, 23
List the prime factors of 4398.
2, 3, 733
List the prime factors of 28946.
2, 41, 353
List the prime factors of 804.
2, 3, 67
List the prime factors of 5859.
3, 7, 31
List the prime factors of 7225.
5, 17
List the prime factors of 5255.
5, 1051
What are the prime factors of 107202?
2, 3, 17, 1051
What are the prime factors of 12690?
2, 3, 5, 47
What are the prime factors of 11958?
2, 3, 1993
What are the prime factors of 1063?
1063
List the prime factors of 114271.
229, 499
What are the prime factors of 38342?
2, 19, 1009
List the prime factors of 1793.
11, 163
What are the prime factors of 1848?
2, 3, 7, 11
List the prime factors of 35904.
2, 3, 11, 17
List the prime factors of 2665.
5, 13, 41
What are the prime factors of 1780?
2, 5, 89
What are the prime factors of 1156?
2, 17
What are the prime factors of 32452?
2, 7, 19, 61
What are the prime factors of 21923?
11, 1993
What are the prime factors of 67?
67
List the prime factors of 5119.
5119
What are the prime factors of 35391?
3, 47, 251
What are the prime factors of 641?
641
List the prime factors of 275.
5, 11
What are the prime factors of 1393?
7, 199
List 